{"id":9770,"date":"2026-02-10T14:43:14","date_gmt":"2026-02-10T13:43:14","guid":{"rendered":"https:\/\/preprod.pays-denhaut.ch\/agenda\/rallye-des-geschmacks\/"},"modified":"2026-02-10T14:43:14","modified_gmt":"2026-02-10T13:43:14","slug":"rallye-des-geschmacks","status":"publish","type":"events","link":"https:\/\/preprod.pays-denhaut.ch\/de\/agenda\/rallye-des-geschmacks\/","title":{"rendered":"Rallye des Geschmacks"},"parent":0,"template":"","event_type":[],"class_list":["post-9770","events","type-events","status-publish","has-post-thumbnail","hentry"],"acf":{"event_pass":false,"event_carousel_title":"Rallye des Geschmacks in Bildern","event_summary":"Ziehen Sie bei Einbruch der Dunkelheit Ihre Schneeschuhe an und entdecken Sie authentische Produkte des Pays-d'Enhaut!","event_intro_intro":"<p>Ausger\u00fcstet mit Ihren Schneeschuhen starten Sie von der Landi-Halle aus zu unserer Nachtwanderung.<\/p>\n<p>Lassen Sie sich im Schein von Laternen und Mondlicht durch den Ramacl\u00e9-Wald bis zum Ufer der Sarine f\u00fchren, wo sich die ber\u00fchmte Turrian-Br\u00fccke befindet! Entlang des Weges warten zahlreiche n\u00e4chtliche \u00dcberraschungen auf Sie, die Ihre Schneeschuhwanderung beleben werden. Setzen Sie Ihren Weg zwischen den schneebedeckten B\u00e4umen des Ramacl\u00e9 fort und genie\u00dfen Sie die magische Atmosph\u00e4re dieser Nachtwanderung.<\/p>\n<p>W\u00e4hrend Ihrer Wanderung warten die Produzenten der Region darauf, ihre Produkte, ihr Know-how und ihre Leidenschaft mit Ihnen zu teilen! Sie werden Gelegenheit haben, K\u00e4sespezialit\u00e4ten, Trockenfleisch, Wurstwaren, Honig aus der Region, Weine, Sirupe usw. zu kosten.<\/p>\n<p>Der Ausflug endet auf die sch\u00f6nste Art und Weise in der Landi-Halle. Zur\u00fcck im Warmen k\u00f6nnen Sie bei musikalischer Untermalung eine hei\u00dfe Suppe genie\u00dfen.<\/p>\n<p>__________<br \/><a target=\"_blank\" rel=\"noopener noreferrer nofollow\" href=\"https:\/\/pays-denhaut.ch\/offres\/rallye-du-gout-chateau-doex-samedi-21-fevrier-2026\/\"><strong>BUCHEN<\/strong><\/a><br \/>__________<\/p>\n","event_descr":"<p>Sonderausgabe aufgrund der Gesundheitslage. Ziehen Sie bei Einbruch der Dunkelheit die Schneeschuhe an und nehmen Sie an der Rallye du Go\u00fbt in Ch\u00e2teau-\u0152x teil. Der beleuchtete Parcours f\u00fchrt Sie zum Ufer der Sarine um unsere authentischen Produkte zu probieren!<\/p>\n","event_place_label":"Pays-d'Enhaut R\u00e9gion \u00c9conomie et Tourisme","event_place_url":"https:\/\/www.google.com\/maps\/search\/?api=1&query=Pays-d%27Enhaut+R%C3%A9gion+%C3%89conomie+et+Tourisme","event_mail_label":"info@pays-denhaut.ch","event_mail_url":"info@pays-denhaut.ch","event_phone_label":"+41269242525","event_phone_url":"+41269242525","event_steps":[{"id":"01kbyt6f506rqrknejb92mngcz","long":"7.1278462708324","lat":"46.470958690603","name":"Pays-d'Enhaut R\u00e9gion \u00c9conomie et Tourisme","tag":"","descr":"","img":false,"address_name":"Pays-d'Enhaut R\u00e9gion \u00c9conomie et Tourisme","address_street":"Chemin des Ballons 2, 1660 Ch\u00e2teau-d'\u0152x","address_url":"https:\/\/www.google.com\/maps\/search\/?api=1&query=Chemin+des+Ballons+2%2C+1660+Ch%C3%A2teau-d%27%C5%92x"}],"event_practice":"<p>Empfehlungen<\/p>\n<p>&#8211; Ausr\u00fcstung: Um die Wanderung optimal genie\u00dfen zu k\u00f6nnen, sind Winterkleidung und -schuhe, M\u00fctze, Handschuhe, Skist\u00f6cke, Taschen- oder Stirnlampe und eine Wasserflasche sehr empfehlenswert (Schneeschuhe je nach Wetterlage erforderlich).<br \/>&#8211; Schneeschuhe: Diese k\u00f6nnen optional gemietet werden.<br \/>&#8211; Eine Online-Reservierung ist erforderlich.<br \/>&#8211; Erste Abfahrt: 16:30 Uhr | Letzte Abfahrt: 19:00 Uhr<\/p>\n<p>Mit dem Auto<\/p>\n<p>Parkpl\u00e4tze verf\u00fcgbar: Parking du Petit Pr\u00e9 | Parking sous le terrain de foot | Parking de la Coop.<\/p>\n<p>Mit dem Bus<\/p>\n<p>\u00dcber die TPC-Linie vom Col des Mosses (Haltestelle \u201eLe Petit Pr\u00e9\u201c). Rechnen Sie mit 2 Minuten Fu\u00dfweg bis zur Landi.<\/p>\n<p>Mit dem Zug<\/p>\n<p>Mit der MOB-Linie von Montreux oder Zweisimmen (Haltestelle \u201eGare de Ch\u00e2teau-d&#039;\u0152x\u201c). Von dort sind es 10 Minuten zu Fu\u00df bis zur Landi.<\/p>\n","event_dates":[{"start_date":"20260221","end_date":"20260221","schedules":[{"day":"saturday","start_hour":"16:30:00","end_hour":"23:00:00"}]}],"has_offer":false,"event_credit":"Rallye du Go\u00fbt 2025"},"yoast_head":"<!-- This site is optimized with the Yoast SEO plugin v26.5 - https:\/\/yoast.com\/wordpress\/plugins\/seo\/ -->\n<title>Rallye des Geschmacks | Pays d&#039;Enhaut<\/title>\n<meta name=\"robots\" content=\"noindex, follow, max-snippet:-1, max-image-preview:large, max-video-preview:-1\" \/>\n<meta property=\"og:locale\" content=\"de_DE\" \/>\n<meta property=\"og:type\" content=\"article\" \/>\n<meta property=\"og:title\" content=\"Rallye des Geschmacks | Pays d&#039;Enhaut\" \/>\n<meta property=\"og:description\" content=\"Ziehen Sie bei Einbruch der Dunkelheit Ihre Schneeschuhe an und entdecken Sie authentische Produkte des Pays-d&#8217;Enhaut!\" \/>\n<meta property=\"og:url\" content=\"https:\/\/preprod.pays-denhaut.ch\/agenda\/rallye-des-geschmacks\/\" \/>\n<meta property=\"og:site_name\" content=\"Pays d&#039;Enhaut\" \/>\n<meta name=\"twitter:card\" content=\"summary_large_image\" \/>\n<script type=\"application\/ld+json\" class=\"yoast-schema-graph\">{\"@context\":\"https:\/\/schema.org\",\"@graph\":[{\"@type\":\"WebPage\",\"@id\":\"https:\/\/preprod.pays-denhaut.ch\/agenda\/rallye-des-geschmacks\/\",\"url\":\"https:\/\/preprod.pays-denhaut.ch\/agenda\/rallye-des-geschmacks\/\",\"name\":\"Rallye des Geschmacks | Pays d&#039;Enhaut\",\"isPartOf\":{\"@id\":\"https:\/\/preprod.pays-denhaut.ch\/#website\"},\"primaryImageOfPage\":{\"@id\":\"https:\/\/preprod.pays-denhaut.ch\/agenda\/rallye-des-geschmacks\/#primaryimage\"},\"image\":{\"@id\":\"https:\/\/preprod.pays-denhaut.ch\/agenda\/rallye-des-geschmacks\/#primaryimage\"},\"thumbnailUrl\":\"https:\/\/preprod.pays-denhaut.ch\/wp-content\/uploads\/2025\/12\/dsc04028-enhanced-nr.jpg\",\"datePublished\":\"2026-02-10T13:43:14+00:00\",\"breadcrumb\":{\"@id\":\"https:\/\/preprod.pays-denhaut.ch\/agenda\/rallye-des-geschmacks\/#breadcrumb\"},\"inLanguage\":\"de\",\"potentialAction\":[{\"@type\":\"ReadAction\",\"target\":[\"https:\/\/preprod.pays-denhaut.ch\/agenda\/rallye-des-geschmacks\/\"]}]},{\"@type\":\"ImageObject\",\"inLanguage\":\"de\",\"@id\":\"https:\/\/preprod.pays-denhaut.ch\/agenda\/rallye-des-geschmacks\/#primaryimage\",\"url\":\"https:\/\/preprod.pays-denhaut.ch\/wp-content\/uploads\/2025\/12\/dsc04028-enhanced-nr.jpg\",\"contentUrl\":\"https:\/\/preprod.pays-denhaut.ch\/wp-content\/uploads\/2025\/12\/dsc04028-enhanced-nr.jpg\",\"width\":1500,\"height\":1000,\"caption\":\"Rallye du Go\u00fbt 2025\"},{\"@type\":\"BreadcrumbList\",\"@id\":\"https:\/\/preprod.pays-denhaut.ch\/agenda\/rallye-des-geschmacks\/#breadcrumb\",\"itemListElement\":[{\"@type\":\"ListItem\",\"position\":1,\"name\":\"Accueil\",\"item\":\"https:\/\/preprod.pays-denhaut.ch\/\"},{\"@type\":\"ListItem\",\"position\":2,\"name\":\"Rallye des Geschmacks\"}]},{\"@type\":\"WebSite\",\"@id\":\"https:\/\/preprod.pays-denhaut.ch\/#website\",\"url\":\"https:\/\/preprod.pays-denhaut.ch\/\",\"name\":\"Pays d'Enhaut\",\"description\":\"\",\"potentialAction\":[{\"@type\":\"SearchAction\",\"target\":{\"@type\":\"EntryPoint\",\"urlTemplate\":\"https:\/\/preprod.pays-denhaut.ch\/?s={search_term_string}\"},\"query-input\":{\"@type\":\"PropertyValueSpecification\",\"valueRequired\":true,\"valueName\":\"search_term_string\"}}],\"inLanguage\":\"de\"}]}<\/script>\n<!-- \/ Yoast SEO plugin. -->","yoast_head_json":{"title":"Rallye des Geschmacks | Pays d&#039;Enhaut","robots":{"index":"noindex","follow":"follow","max-snippet":"max-snippet:-1","max-image-preview":"max-image-preview:large","max-video-preview":"max-video-preview:-1"},"og_locale":"de_DE","og_type":"article","og_title":"Rallye des Geschmacks | Pays d&#039;Enhaut","og_description":"Ziehen Sie bei Einbruch der Dunkelheit Ihre Schneeschuhe an und entdecken Sie authentische Produkte des Pays-d&#8217;Enhaut!","og_url":"https:\/\/preprod.pays-denhaut.ch\/agenda\/rallye-des-geschmacks\/","og_site_name":"Pays d&#039;Enhaut","twitter_card":"summary_large_image","schema":{"@context":"https:\/\/schema.org","@graph":[{"@type":"WebPage","@id":"https:\/\/preprod.pays-denhaut.ch\/agenda\/rallye-des-geschmacks\/","url":"https:\/\/preprod.pays-denhaut.ch\/agenda\/rallye-des-geschmacks\/","name":"Rallye des Geschmacks | Pays d&#039;Enhaut","isPartOf":{"@id":"https:\/\/preprod.pays-denhaut.ch\/#website"},"primaryImageOfPage":{"@id":"https:\/\/preprod.pays-denhaut.ch\/agenda\/rallye-des-geschmacks\/#primaryimage"},"image":{"@id":"https:\/\/preprod.pays-denhaut.ch\/agenda\/rallye-des-geschmacks\/#primaryimage"},"thumbnailUrl":"https:\/\/preprod.pays-denhaut.ch\/wp-content\/uploads\/2025\/12\/dsc04028-enhanced-nr.jpg","datePublished":"2026-02-10T13:43:14+00:00","breadcrumb":{"@id":"https:\/\/preprod.pays-denhaut.ch\/agenda\/rallye-des-geschmacks\/#breadcrumb"},"inLanguage":"de","potentialAction":[{"@type":"ReadAction","target":["https:\/\/preprod.pays-denhaut.ch\/agenda\/rallye-des-geschmacks\/"]}]},{"@type":"ImageObject","inLanguage":"de","@id":"https:\/\/preprod.pays-denhaut.ch\/agenda\/rallye-des-geschmacks\/#primaryimage","url":"https:\/\/preprod.pays-denhaut.ch\/wp-content\/uploads\/2025\/12\/dsc04028-enhanced-nr.jpg","contentUrl":"https:\/\/preprod.pays-denhaut.ch\/wp-content\/uploads\/2025\/12\/dsc04028-enhanced-nr.jpg","width":1500,"height":1000,"caption":"Rallye du Go\u00fbt 2025"},{"@type":"BreadcrumbList","@id":"https:\/\/preprod.pays-denhaut.ch\/agenda\/rallye-des-geschmacks\/#breadcrumb","itemListElement":[{"@type":"ListItem","position":1,"name":"Accueil","item":"https:\/\/preprod.pays-denhaut.ch\/"},{"@type":"ListItem","position":2,"name":"Rallye des Geschmacks"}]},{"@type":"WebSite","@id":"https:\/\/preprod.pays-denhaut.ch\/#website","url":"https:\/\/preprod.pays-denhaut.ch\/","name":"Pays d'Enhaut","description":"","potentialAction":[{"@type":"SearchAction","target":{"@type":"EntryPoint","urlTemplate":"https:\/\/preprod.pays-denhaut.ch\/?s={search_term_string}"},"query-input":{"@type":"PropertyValueSpecification","valueRequired":true,"valueName":"search_term_string"}}],"inLanguage":"de"}]}},"_links":{"self":[{"href":"https:\/\/preprod.pays-denhaut.ch\/de\/wp-json\/wp\/v2\/events\/9770","targetHints":{"allow":["GET"]}}],"collection":[{"href":"https:\/\/preprod.pays-denhaut.ch\/de\/wp-json\/wp\/v2\/events"}],"about":[{"href":"https:\/\/preprod.pays-denhaut.ch\/de\/wp-json\/wp\/v2\/types\/events"}],"wp:featuredmedia":[{"embeddable":true,"href":"https:\/\/preprod.pays-denhaut.ch\/de\/wp-json\/wp\/v2\/media\/5450"}],"wp:attachment":[{"href":"https:\/\/preprod.pays-denhaut.ch\/de\/wp-json\/wp\/v2\/media?parent=9770"}],"wp:term":[{"taxonomy":"event_type","embeddable":true,"href":"https:\/\/preprod.pays-denhaut.ch\/de\/wp-json\/wp\/v2\/event_type?post=9770"}],"curies":[{"name":"wp","href":"https:\/\/api.w.org\/{rel}","templated":true}]}}

<p>Ausgerüstet mit Ihren Schneeschuhen starten Sie von der Landi-Halle aus zu unserer Nachtwanderung.</p>
<p>Lassen Sie sich im Schein von Laternen und Mondlicht durch den Ramaclé-Wald bis zum Ufer der Sarine führen, wo sich die berühmte Turrian-Brücke befindet! Entlang des Weges warten zahlreiche nächtliche Überraschungen auf Sie, die Ihre Schneeschuhwanderung beleben werden. Setzen Sie Ihren Weg zwischen den schneebedeckten Bäumen des Ramaclé fort und genießen Sie die magische Atmosphäre dieser Nachtwanderung.</p>
<p>Während Ihrer Wanderung warten die Produzenten der Region darauf, ihre Produkte, ihr Know-how und ihre Leidenschaft mit Ihnen zu teilen! Sie werden Gelegenheit haben, Käsespezialitäten, Trockenfleisch, Wurstwaren, Honig aus der Region, Weine, Sirupe usw. zu kosten.</p>
<p>Der Ausflug endet auf die schönste Art und Weise in der Landi-Halle. Zurück im Warmen können Sie bei musikalischer Untermalung eine heiße Suppe genießen.</p>
<p>__________<br /><a target="_blank" rel="noopener noreferrer nofollow" href="https://pays-denhaut.ch/offres/rallye-du-gout-chateau-doex-samedi-21-fevrier-2026/"><strong>BUCHEN</strong></a><br />__________</p>

<p>Sonderausgabe aufgrund der Gesundheitslage. Ziehen Sie bei Einbruch der Dunkelheit die Schneeschuhe an und nehmen Sie an der Rallye du Goût in Château-Œx teil. Der beleuchtete Parcours führt Sie zum Ufer der Sarine um unsere authentischen Produkte zu probieren!</p>

Pays-d'Enhaut Région Économie et Tourisme

Chemin des Ballons 2, 1660 Château-d'Œx

<p>Empfehlungen</p>
<p>&#8211; Ausrüstung: Um die Wanderung optimal genießen zu können, sind Winterkleidung und -schuhe, Mütze, Handschuhe, Skistöcke, Taschen- oder Stirnlampe und eine Wasserflasche sehr empfehlenswert (Schneeschuhe je nach Wetterlage erforderlich).<br />&#8211; Schneeschuhe: Diese können optional gemietet werden.<br />&#8211; Eine Online-Reservierung ist erforderlich.<br />&#8211; Erste Abfahrt: 16:30 Uhr | Letzte Abfahrt: 19:00 Uhr</p>
<p>Mit dem Auto</p>
<p>Parkplätze verfügbar: Parking du Petit Pré | Parking sous le terrain de foot | Parking de la Coop.</p>
<p>Mit dem Bus</p>
<p>Über die TPC-Linie vom Col des Mosses (Haltestelle „Le Petit Pré“). Rechnen Sie mit 2 Minuten Fußweg bis zur Landi.</p>
<p>Mit dem Zug</p>
<p>Mit der MOB-Linie von Montreux oder Zweisimmen (Haltestelle „Gare de Château-d&#039;Œx“). Von dort sind es 10 Minuten zu Fuß bis zur Landi.</p>

Rallye du Goût 2025

<!-- This site is optimized with the Yoast SEO plugin v26.5 - https://yoast.com/wordpress/plugins/seo/ -->
<title>Rallye des Geschmacks | Pays d&#039;Enhaut</title>
<meta name="robots" content="noindex, follow, max-snippet:-1, max-image-preview:large, max-video-preview:-1" />
<meta property="og:locale" content="de_DE" />
<meta property="og:type" content="article" />
<meta property="og:title" content="Rallye des Geschmacks | Pays d&#039;Enhaut" />
<meta property="og:description" content="Ziehen Sie bei Einbruch der Dunkelheit Ihre Schneeschuhe an und entdecken Sie authentische Produkte des Pays-d&#8217;Enhaut!" />
<meta property="og:url" content="https://preprod.pays-denhaut.ch/agenda/rallye-des-geschmacks/" />
<meta property="og:site_name" content="Pays d&#039;Enhaut" />
<meta name="twitter:card" content="summary_large_image" />
<script type="application/ld+json" class="yoast-schema-graph">{"@context":"https://schema.org","@graph":[{"@type":"WebPage","@id":"https://preprod.pays-denhaut.ch/agenda/rallye-des-geschmacks/","url":"https://preprod.pays-denhaut.ch/agenda/rallye-des-geschmacks/","name":"Rallye des Geschmacks | Pays d&#039;Enhaut","isPartOf":{"@id":"https://preprod.pays-denhaut.ch/#website"},"primaryImageOfPage":{"@id":"https://preprod.pays-denhaut.ch/agenda/rallye-des-geschmacks/#primaryimage"},"image":{"@id":"https://preprod.pays-denhaut.ch/agenda/rallye-des-geschmacks/#primaryimage"},"thumbnailUrl":"https://preprod.pays-denhaut.ch/wp-content/uploads/2025/12/dsc04028-enhanced-nr.jpg","datePublished":"2026-02-10T13:43:14+00:00","breadcrumb":{"@id":"https://preprod.pays-denhaut.ch/agenda/rallye-des-geschmacks/#breadcrumb"},"inLanguage":"de","potentialAction":[{"@type":"ReadAction","target":["https://preprod.pays-denhaut.ch/agenda/rallye-des-geschmacks/"]}]},{"@type":"ImageObject","inLanguage":"de","@id":"https://preprod.pays-denhaut.ch/agenda/rallye-des-geschmacks/#primaryimage","url":"https://preprod.pays-denhaut.ch/wp-content/uploads/2025/12/dsc04028-enhanced-nr.jpg","contentUrl":"https://preprod.pays-denhaut.ch/wp-content/uploads/2025/12/dsc04028-enhanced-nr.jpg","width":1500,"height":1000,"caption":"Rallye du Goût 2025"},{"@type":"BreadcrumbList","@id":"https://preprod.pays-denhaut.ch/agenda/rallye-des-geschmacks/#breadcrumb","itemListElement":[{"@type":"ListItem","position":1,"name":"Accueil","item":"https://preprod.pays-denhaut.ch/"},{"@type":"ListItem","position":2,"name":"Rallye des Geschmacks"}]},{"@type":"WebSite","@id":"https://preprod.pays-denhaut.ch/#website","url":"https://preprod.pays-denhaut.ch/","name":"Pays d'Enhaut","description":"","potentialAction":[{"@type":"SearchAction","target":{"@type":"EntryPoint","urlTemplate":"https://preprod.pays-denhaut.ch/?s={search_term_string}"},"query-input":{"@type":"PropertyValueSpecification","valueRequired":true,"valueName":"search_term_string"}}],"inLanguage":"de"}]}</script>
<!-- / Yoast SEO plugin. -->
