{"id":9776,"date":"2026-02-13T15:16:26","date_gmt":"2026-02-13T14:16:26","guid":{"rendered":"https:\/\/preprod.pays-denhaut.ch\/agenda\/captive-flights-for-children\/"},"modified":"2026-02-26T15:18:28","modified_gmt":"2026-02-26T14:18:28","slug":"captive-flights-for-children","status":"publish","type":"events","link":"https:\/\/preprod.pays-denhaut.ch\/en\/agenda\/captive-flights-for-children\/","title":{"rendered":"Captive flights for children"},"parent":0,"template":"","event_type":[],"class_list":["post-9776","events","type-events","status-publish","has-post-thumbnail","hentry"],"acf":{"event_pass":false,"event_carousel_title":"Captive flights for children in images","event_summary":"Your children will enjoy this unique experience. Given the possibility to climb into the basket, they are in for a super hot air balloon ride!","event_intro_intro":"<p>Thus, they have the opportunity to discover the Pays-d&#039;Enhaut from the sky. Captive flights take place from the take-off point in the Ch\u00e2teau-d&#039;\u0152x snow garden. This is the opportunity for you as well to take some height and experience the sensations of a hot air balloon ride in total safety.<\/p>\n<p>Parents are welcome to take pictures of their little ones.<\/p>\n","event_descr":"<p>Your children will enjoy this unique experience. Given the possibility to climb into the basket, they are in for a super hot air balloon ride, completely secured, as the balloon remains attached to the ground at all times!<\/p>\n","event_place_label":"Landi Ch\u00e2teau-d'Oex","event_place_url":"https:\/\/www.google.com\/maps\/search\/?api=1&query=Landi+Ch%C3%A2teau-d%27Oex","event_mail_label":"info@pays-denhaut.ch","event_mail_url":"info@pays-denhaut.ch","event_phone_label":"+41269242525","event_phone_url":"+41269242525","event_steps":[{"id":"01kbyt6krnwc0kqmj8wv52cjy6","long":"7.1274844409345","lat":"46.47049760342","name":"Landi Ch\u00e2teau-d'Oex","tag":"","descr":"","img":false,"address_name":"Landi Ch\u00e2teau-d'Oex","address_street":"Route de Saanen 2, 1660 Ch\u00e2teau-d'Oex","address_url":"https:\/\/www.google.com\/maps\/search\/?api=1&query=Route+de+Saanen+2%2C+1660+Ch%C3%A2teau-d%27Oex"}],"event_practice":"<p>Information<\/p>\n<p>&#8211; Without registration<br \/>&#8211; Payment on site<br \/>&#8211; No minimum &#8211; no maximum<br \/>&#8211; Cancelled in the event of bad weather<\/p>\n","event_prices":[{"public":"Prices","price":"10 CHF"}],"event_contact":[{"event_contact_id":"01kbq6my2vsjkczwsg8fghr34x","event_contact_name":"Pays-d'Enhaut R\u00e9gion \u00c9conomie et Tourisme","event_contact_label":"","event_contact_url":"","event_contact_mail":"info@pays-denhaut.ch","event_contact_phone":"+41 26 924 25 25","event_address_name":"Pays-d'Enhaut R\u00e9gion \u00c9conomie et Tourisme","event_address_street":"Chemin des Ballons 2, 1660 Ch\u00e2teau-d'\u0152x, CH","event_address_url":"https:\/\/www.google.com\/maps\/search\/?api=1&query=Chemin+des+Ballons+2%2C+1660+Ch%C3%A2teau-d%27%C5%92x%2C+CH","event_socials":false}],"event_dates":[{"start_date":"20260226","end_date":"20260226","schedules":[{"day":"thursday","start_hour":"10:00:00","end_hour":"12:00:00"}]}],"has_offer":false},"yoast_head":"<!-- This site is optimized with the Yoast SEO plugin v26.5 - https:\/\/yoast.com\/wordpress\/plugins\/seo\/ -->\n<title>Captive flights for children | Pays d&#039;Enhaut<\/title>\n<meta name=\"robots\" content=\"noindex, follow, max-snippet:-1, max-image-preview:large, max-video-preview:-1\" \/>\n<meta property=\"og:locale\" content=\"en_US\" \/>\n<meta property=\"og:type\" content=\"article\" \/>\n<meta property=\"og:title\" content=\"Captive flights for children | Pays d&#039;Enhaut\" \/>\n<meta property=\"og:description\" content=\"Your children will enjoy this unique experience. Given the possibility to climb into the basket, they are in for a super hot air balloon ride!\" \/>\n<meta property=\"og:url\" content=\"https:\/\/preprod.pays-denhaut.ch\/en\/agenda\/captive-flights-for-children\/\" \/>\n<meta property=\"og:site_name\" content=\"Pays d&#039;Enhaut\" \/>\n<meta property=\"article:modified_time\" content=\"2026-02-26T14:18:28+00:00\" \/>\n<meta name=\"twitter:card\" content=\"summary_large_image\" \/>\n<script type=\"application\/ld+json\" class=\"yoast-schema-graph\">{\"@context\":\"https:\/\/schema.org\",\"@graph\":[{\"@type\":\"WebPage\",\"@id\":\"https:\/\/preprod.pays-denhaut.ch\/en\/agenda\/captive-flights-for-children\/\",\"url\":\"https:\/\/preprod.pays-denhaut.ch\/en\/agenda\/captive-flights-for-children\/\",\"name\":\"Captive flights for children | Pays d&#039;Enhaut\",\"isPartOf\":{\"@id\":\"https:\/\/preprod.pays-denhaut.ch\/#website\"},\"primaryImageOfPage\":{\"@id\":\"https:\/\/preprod.pays-denhaut.ch\/en\/agenda\/captive-flights-for-children\/#primaryimage\"},\"image\":{\"@id\":\"https:\/\/preprod.pays-denhaut.ch\/en\/agenda\/captive-flights-for-children\/#primaryimage\"},\"thumbnailUrl\":\"https:\/\/preprod.pays-denhaut.ch\/wp-content\/uploads\/2025\/12\/0f0bb39812f56f9bed80f512892a0c2c896196fb.JPG\",\"datePublished\":\"2026-02-13T14:16:26+00:00\",\"dateModified\":\"2026-02-26T14:18:28+00:00\",\"breadcrumb\":{\"@id\":\"https:\/\/preprod.pays-denhaut.ch\/en\/agenda\/captive-flights-for-children\/#breadcrumb\"},\"inLanguage\":\"en-US\",\"potentialAction\":[{\"@type\":\"ReadAction\",\"target\":[\"https:\/\/preprod.pays-denhaut.ch\/en\/agenda\/captive-flights-for-children\/\"]}]},{\"@type\":\"ImageObject\",\"inLanguage\":\"en-US\",\"@id\":\"https:\/\/preprod.pays-denhaut.ch\/en\/agenda\/captive-flights-for-children\/#primaryimage\",\"url\":\"https:\/\/preprod.pays-denhaut.ch\/wp-content\/uploads\/2025\/12\/0f0bb39812f56f9bed80f512892a0c2c896196fb.JPG\",\"contentUrl\":\"https:\/\/preprod.pays-denhaut.ch\/wp-content\/uploads\/2025\/12\/0f0bb39812f56f9bed80f512892a0c2c896196fb.JPG\",\"width\":1500,\"height\":1000,\"caption\":\"Vols captifs\"},{\"@type\":\"BreadcrumbList\",\"@id\":\"https:\/\/preprod.pays-denhaut.ch\/en\/agenda\/captive-flights-for-children\/#breadcrumb\",\"itemListElement\":[{\"@type\":\"ListItem\",\"position\":1,\"name\":\"Accueil\",\"item\":\"https:\/\/preprod.pays-denhaut.ch\/\"},{\"@type\":\"ListItem\",\"position\":2,\"name\":\"Captive flights for children\"}]},{\"@type\":\"WebSite\",\"@id\":\"https:\/\/preprod.pays-denhaut.ch\/#website\",\"url\":\"https:\/\/preprod.pays-denhaut.ch\/\",\"name\":\"Pays d'Enhaut\",\"description\":\"\",\"potentialAction\":[{\"@type\":\"SearchAction\",\"target\":{\"@type\":\"EntryPoint\",\"urlTemplate\":\"https:\/\/preprod.pays-denhaut.ch\/?s={search_term_string}\"},\"query-input\":{\"@type\":\"PropertyValueSpecification\",\"valueRequired\":true,\"valueName\":\"search_term_string\"}}],\"inLanguage\":\"en-US\"}]}<\/script>\n<!-- \/ Yoast SEO plugin. -->","yoast_head_json":{"title":"Captive flights for children | Pays d&#039;Enhaut","robots":{"index":"noindex","follow":"follow","max-snippet":"max-snippet:-1","max-image-preview":"max-image-preview:large","max-video-preview":"max-video-preview:-1"},"og_locale":"en_US","og_type":"article","og_title":"Captive flights for children | Pays d&#039;Enhaut","og_description":"Your children will enjoy this unique experience. Given the possibility to climb into the basket, they are in for a super hot air balloon ride!","og_url":"https:\/\/preprod.pays-denhaut.ch\/en\/agenda\/captive-flights-for-children\/","og_site_name":"Pays d&#039;Enhaut","article_modified_time":"2026-02-26T14:18:28+00:00","twitter_card":"summary_large_image","schema":{"@context":"https:\/\/schema.org","@graph":[{"@type":"WebPage","@id":"https:\/\/preprod.pays-denhaut.ch\/en\/agenda\/captive-flights-for-children\/","url":"https:\/\/preprod.pays-denhaut.ch\/en\/agenda\/captive-flights-for-children\/","name":"Captive flights for children | Pays d&#039;Enhaut","isPartOf":{"@id":"https:\/\/preprod.pays-denhaut.ch\/#website"},"primaryImageOfPage":{"@id":"https:\/\/preprod.pays-denhaut.ch\/en\/agenda\/captive-flights-for-children\/#primaryimage"},"image":{"@id":"https:\/\/preprod.pays-denhaut.ch\/en\/agenda\/captive-flights-for-children\/#primaryimage"},"thumbnailUrl":"https:\/\/preprod.pays-denhaut.ch\/wp-content\/uploads\/2025\/12\/0f0bb39812f56f9bed80f512892a0c2c896196fb.JPG","datePublished":"2026-02-13T14:16:26+00:00","dateModified":"2026-02-26T14:18:28+00:00","breadcrumb":{"@id":"https:\/\/preprod.pays-denhaut.ch\/en\/agenda\/captive-flights-for-children\/#breadcrumb"},"inLanguage":"en-US","potentialAction":[{"@type":"ReadAction","target":["https:\/\/preprod.pays-denhaut.ch\/en\/agenda\/captive-flights-for-children\/"]}]},{"@type":"ImageObject","inLanguage":"en-US","@id":"https:\/\/preprod.pays-denhaut.ch\/en\/agenda\/captive-flights-for-children\/#primaryimage","url":"https:\/\/preprod.pays-denhaut.ch\/wp-content\/uploads\/2025\/12\/0f0bb39812f56f9bed80f512892a0c2c896196fb.JPG","contentUrl":"https:\/\/preprod.pays-denhaut.ch\/wp-content\/uploads\/2025\/12\/0f0bb39812f56f9bed80f512892a0c2c896196fb.JPG","width":1500,"height":1000,"caption":"Vols captifs"},{"@type":"BreadcrumbList","@id":"https:\/\/preprod.pays-denhaut.ch\/en\/agenda\/captive-flights-for-children\/#breadcrumb","itemListElement":[{"@type":"ListItem","position":1,"name":"Accueil","item":"https:\/\/preprod.pays-denhaut.ch\/"},{"@type":"ListItem","position":2,"name":"Captive flights for children"}]},{"@type":"WebSite","@id":"https:\/\/preprod.pays-denhaut.ch\/#website","url":"https:\/\/preprod.pays-denhaut.ch\/","name":"Pays d'Enhaut","description":"","potentialAction":[{"@type":"SearchAction","target":{"@type":"EntryPoint","urlTemplate":"https:\/\/preprod.pays-denhaut.ch\/?s={search_term_string}"},"query-input":{"@type":"PropertyValueSpecification","valueRequired":true,"valueName":"search_term_string"}}],"inLanguage":"en-US"}]}},"_links":{"self":[{"href":"https:\/\/preprod.pays-denhaut.ch\/en\/wp-json\/wp\/v2\/events\/9776","targetHints":{"allow":["GET"]}}],"collection":[{"href":"https:\/\/preprod.pays-denhaut.ch\/en\/wp-json\/wp\/v2\/events"}],"about":[{"href":"https:\/\/preprod.pays-denhaut.ch\/en\/wp-json\/wp\/v2\/types\/events"}],"wp:featuredmedia":[{"embeddable":true,"href":"https:\/\/preprod.pays-denhaut.ch\/en\/wp-json\/wp\/v2\/media\/5490"}],"wp:attachment":[{"href":"https:\/\/preprod.pays-denhaut.ch\/en\/wp-json\/wp\/v2\/media?parent=9776"}],"wp:term":[{"taxonomy":"event_type","embeddable":true,"href":"https:\/\/preprod.pays-denhaut.ch\/en\/wp-json\/wp\/v2\/event_type?post=9776"}],"curies":[{"name":"wp","href":"https:\/\/api.w.org\/{rel}","templated":true}]}}

<p>Thus, they have the opportunity to discover the Pays-d&#039;Enhaut from the sky. Captive flights take place from the take-off point in the Château-d&#039;Œx snow garden. This is the opportunity for you as well to take some height and experience the sensations of a hot air balloon ride in total safety.</p>
<p>Parents are welcome to take pictures of their little ones.</p>

Landi Château-d'Oex

Route de Saanen 2, 1660 Château-d'Oex

Pays-d'Enhaut Région Économie et Tourisme

Chemin des Ballons 2, 1660 Château-d'Œx, CH
